der when 57510 is divided by 274.
244
Calculate the remainder when 319542 is divided by 594.
564
What is the remainder when 37092 is divided by 37082?
10
What is the remainder when 5171 is divided by 83?
25
Calculate the remainder when 123539 is divided by 61710.
119
Calculate the remainder when 25628 is divided by 1231.
1008
What is the remainder when 3918 is divided by 77?
68
Calculate the remainder when 168 is divided by 60.
48
Calculate the remainder when 70633 is divided by 51.
49
Calculate the remainder when 144066 is divided by 425.
416
What is the remainder when 28209 is divided by 14102?
5
Calculate the remainder when 673 is divided by 147.
85
Calculate the remainder when 29569 is divided by 79.
23
What is the remainder when 830 is divided by 450?
380
Calculate the remainder when 37917 is divided by 40.
37
Calculate the remainder when 6298 is divided by 15.
13
What is the remainder when 44527 is divided by 278?
47
Calculate the remainder when 4149 is divided by 246.
213
What is the remainder when 249859 is divided by 31?
30
What is the remainder when 4002633 is divided by 247?
245
What is the remainder when 833677 is divided by 613?
610
Calculate the remainder when 2777 is divided by 48.
41
What is the remainder when 754 is divided by 58?
0
Calculate the remainder when 851085 is divided by 6.
3
What is the remainder when 3498 is divided by 796?
314
What is the remainder when 3545 is divided by 37?
30
What is the remainder when 59804 is divided by 19927?
23
What is the remainder when 1274 is divided by 440?
394
Calculate the remainder when 132012 is divided by 1692.
36
What is the remainder when 11520 is divided by 410?
40
What is the remainder when 12613 is divided by 257?
20
Calculate the remainder when 35815 is divided by 833.
829
What is the remainder when 6994 is divided by 3482?
30
Calculate the remainder when 1629 is divided by 969.
660
What is the remainder when 416 is divided by 32?
0
Calculate the remainder when 84591 is divided by 114.
3
Calculate the remainder when 31874 is divided by 98.
24
What is the remainder when 8374739 is divided by 33?
32
Calculate the remainder when 68661 is divided by 2543.
0
Calculate the remainder when 1039489 is divided by 10.
9
Calculate the remainder when 343119 is divided by 16.
15
Calculate the remainder when 60564 is divided by 20185.
9
What is the remainder when 8469 is divided by 267?
192
Calculate the remainder when 588 is divided by 203.
182
Calculate the remainder when 43303 is divided by 593.
14
Calculate the remainder when 3378 is divided by 1119.
21
Calculate the remainder when 194944 is divided by 26.
22
What is the remainder when 4173259 is divided by 364?
363
Calculate the remainder when 46321 is divided by 53.
52
Calculate the remainder when 1695 is divided by 402.
87
What is the remainder when 11072 is divided by 1011?
962
Calculate the remainder when 8463 is divided by 1051.
55
What is the remainder when 336526 is divided by 191?
175
Calculate the remainder when 60995 is divided by 2540.
35
What is the remainder when 756 is divided by 703?
53
What is the remainder when 3239 is divided by 651?
635
Calculate the remainder when 3557 is divided by 568.
149
Calculate the remainder when 35236 is divided by 11725.
61
Calculate the remainder when 2171 is divided by 341.
125
What is the remainder when 14751 is divided by 133?
121
What is the remainder when 15778 is divided by 58?
2
What is the remainder when 74562 is divided by 431?
430
Calculate the remainder when 2871273 is divided by 218.
213
Calculate the remainder when 908157 is divided by 40.
37
What is the remainder when 11390 is divided by 2839?
34
What is the remainder when 2158 is divided by 322?
226
What is the remainder when 451 is divided by 445?
6
Calculate the remainder when 4062 is divided by 812.
2
Calculate the remainder when 9797 is divided by 2444.
21
What is the remainder when 4210 is divided by 381?
19
What is the remainder when 21084 is divided by 67?
46
Calculate the remainder when 35358 is divided by 52.
50
Calculate the remainder when 1295693 is divided by 1867.
1862
What is the remainder when 470677 is divided by 156888?
13
What is the remainder when 12381 is divided by 543?
435
What is the remainder when 115647 is divided by 38530?
57
Calculate the remainder when 8420 is divided by 2804.
8
Calculate the remainder when 115303 is divided by 56.
55
What is the remainder when 1661 is divided by 76?
65
What is the remainder when 5927 is divided by 1479?
11
Calculate the remainder when 26882 is divided by 8957.
11
What is the remainder when 397311 is divided by 128?
127
What is the remainder when 125042 is divided by 5?
2
Calculate the remainder when 3374 is divided by 1113.
35
What is the remainder when 58407 is divided by 99?
96
What is the remainder when 5127 is divided by 1023?
12
Calculate the remainder when 16699 is divided by 96.
91
What is the remainder when 797 is divided by 189?
41
Calculate the remainder when 23051 is divided by 52.
15
What is the remainder when 7779 is divided by 7779?
0
What is the remainder when 65827 is divided by 257?
35
What is the remainder when 2597 is divided by 70?
7
What is the remainder when 216662 is divided by 108329?
4
Calculate the remainder when 479 is divided by 469.
10
What is the remainder when 374886 is divided by 557?
25
Calculate the remainder when 15389 is divided by 29.
19
Calculate the remainder when 54290 is divided by 232.
2
Calculate the remainder when 50586 is divided by 1034.
954
Calculate the remainder when 12822398 is divided by 400.
398
What is the remainder when 8186 is divided by 376?
290
Calculate the remainder when 437510 is divided by 2267.
2246
Calculate the remainder when 1508 is divided by 132.
56
Calculate the remainder when 148837 is divided by 1210.
7
What is the remainder when 2961586 is divided by 53?
52
Calculate the remainder when 817 is divided by 319.
179
Calculate the remainder when 184145 is divided by 42.
17
Calculate the remainder when 943069 is divided by 610.
9
What is the remainder when 293132 is divided by 197?
193
Calculate the remainder when 1349 is divided by 1023.
326
Calculate the remainder when 24888 is divided by 214.
64
What is the remainder when 1213 is divided by 601?
11
What is the remainder when 13503 is divided by 13417?
86
What is the remainder when 11577 is divided by 2859?
141
What is the remainder when 126138 is divided by 51?
15
Calculate the remainder when 3609 is divided by 227.
204
What is the remainder when 34452 is divided by 259?
5
What is the remainder when 2764797 is divided by 54?
51
What is the remainder when 35993 is divided by 147?
125
What is the remainder when 1337996 is divided by 125?
121
What is the remainder when 1047185 is divided by 673?
670
What is the remainder when 320499 is divided by 86?
63
Calculate the remainder when 325113 is divided by 512.
505
Calculate the remainder when 1966 is divided by 8.
6
What is the remainder when 583429 is divided by 194476?
1
Calculate the remainder when 297010 is divided by 318.
316
Calculate the remainder when 2164 is divided by 1082.
0
What is the remainder when 334779 is divided by 167377?
25
Calculate the remainder when 12424192 is divided by 7.
4
What is the remainder when 778 is divided by 30?
28
What is the remainder when 17463 is divided by 246?
243
What is the remainder when 84572 is divided by 436?
424
Calculate the remainder when 8867 is divided by 63.
47
Calculate the remainder when 2902 is divided by 412.
18
Calculate the remainder when 15194 is divided by 846.
812
Calculate the remainder when 3638 is divided by 147.
110
Calculate the remainder when 14695 is divided by 817.
806
Calculate the remainder when 68466 is divided by 13692.
6
What is the remainder when 106157 is divided by 39?
38
What is the remainder when 4880 is divided by 1180?
160
What is the remainder when 91051 is divided by 206?
205
What is the remainder when 3610 is divided by 300?
10
What is the remainder when 2408 is divided by 596?
24
What is the remainder when 122848 is divided by 39?
37
Calculate the remainder when 98486 is divided by 149.
146
Calculate the remainder when 6651573 is divided by 24.
21
What is the remainder when 128445 is divided by 71?
6
What is th